{"id":7756,"date":"2023-06-23T19:44:39","date_gmt":"2023-06-23T17:44:39","guid":{"rendered":"https:\/\/bilshopping.dk\/produkt\/autoglym-motorcykelrens-motorcycle-cleaner-1-ltr\/"},"modified":"2023-06-23T19:44:40","modified_gmt":"2023-06-23T17:44:40","slug":"autoglym-motorcykelrens-motorcycle-cleaner-1-ltr","status":"publish","type":"product","link":"https:\/\/bilshopping.dk\/?product=autoglym-motorcykelrens-motorcycle-cleaner-1-ltr","title":{"rendered":"Autoglym Motorcykelrens &#8211; Motorcycle cleaner &#8211; 1 ltr."},"content":{"rendered":"<p>Produktid er <strong>3326<\/strong> og <strong><\/strong><\/p>\n<h2>Anmeldelse af Autoglym Motorcykelrens &#8211; Motorcycle cleaner &#8211; 1 ltr.<\/h2>\n<p>Se om vi har en <a href=\"https:\/\/bilshopping.dk\/592\">anmeldelse af Autoglym Motorcykelrens &#8211; Motorcycle cleaner &#8211; 1 ltr.<\/a>.<\/p>\n","protected":false},"excerpt":{"rendered":"<p>Vi ved hvor meget du elsker din motorcykel og \u00f8nsker, ar den skal have det bedste der findes.<br \/>\nDenne motorcykelrens er en ikke \u00e6tsende vandbaseret rens, som kan bruges sikkert og effektivt p\u00e5 alle omr\u00e5der p\u00e5 motorcyklen. Den opl\u00f8ser hurtigt vejsnavs, salt,, Autoglym Motorcykelrens &#8211; Motorcycle cleaner &#8211; 1 ltr..<\/p>\n","protected":false},"featured_media":7757,"comment_status":"closed","ping_status":"open","template":"","meta":{"_kad_post_transparent":"","_kad_post_title":"","_kad_post_layout":"","_kad_post_sidebar_id":"","_kad_post_content_style":"","_kad_post_vertical_padding":"","_kad_post_feature":"","_kad_post_feature_position":"","_kad_post_header":false,"_kad_post_footer":false},"product_cat":[3145,3146],"product_tag":[3147,2988,3148],"brand":[],"class_list":{"0":"post-7756","1":"product","2":"type-product","3":"status-publish","4":"has-post-thumbnail","6":"product_cat-bilpleje","7":"product_cat-vaskeprodukter","8":"product_tag-bilpleje","9":"product_tag-los","10":"product_tag-vaskeprodukter","12":"first","13":"instock","14":"sale","15":"product-type-external","16":"entry","17":"content-bg","18":"loop-entry"},"_links":{"self":[{"href":"https:\/\/bilshopping.dk\/index.php?rest_route=\/wp\/v2\/product\/7756","targetHints":{"allow":["GET"]}}],"collection":[{"href":"https:\/\/bilshopping.dk\/index.php?rest_route=\/wp\/v2\/product"}],"about":[{"href":"https:\/\/bilshopping.dk\/index.php?rest_route=\/wp\/v2\/types\/product"}],"replies":[{"embeddable":true,"href":"https:\/\/bilshopping.dk\/index.php?rest_route=%2Fwp%2Fv2%2Fcomments&post=7756"}],"wp:featuredmedia":[{"embeddable":true,"href":"https:\/\/bilshopping.dk\/index.php?rest_route=\/wp\/v2\/media\/7757"}],"wp:attachment":[{"href":"https:\/\/bilshopping.dk\/index.php?rest_route=%2Fwp%2Fv2%2Fmedia&parent=7756"}],"wp:term":[{"taxonomy":"product_cat","embeddable":true,"href":"https:\/\/bilshopping.dk\/index.php?rest_route=%2Fwp%2Fv2%2Fproduct_cat&post=7756"},{"taxonomy":"product_tag","embeddable":true,"href":"https:\/\/bilshopping.dk\/index.php?rest_route=%2Fwp%2Fv2%2Fproduct_tag&post=7756"},{"taxonomy":"brand","embeddable":true,"href":"https:\/\/bilshopping.dk\/index.php?rest_route=%2Fwp%2Fv2%2Fbrand&post=7756"}],"curies":[{"name":"wp","href":"https:\/\/api.w.org\/{rel}","templated":true}]}}