{"id":7846,"date":"2023-06-23T19:45:19","date_gmt":"2023-06-23T17:45:19","guid":{"rendered":"https:\/\/bilshopping.dk\/produkt\/hoejtaler-rammer-til-mercedes-w210-bagdoer-130-mm\/"},"modified":"2023-06-23T19:45:24","modified_gmt":"2023-06-23T17:45:24","slug":"hoejtaler-rammer-til-mercedes-w210-bagdoer-130-mm","status":"publish","type":"product","link":"https:\/\/bilshopping.dk\/?product=hoejtaler-rammer-til-mercedes-w210-bagdoer-130-mm","title":{"rendered":"H\u00f8jtaler rammer til Mercedes W210, Bagd\u00f8r, 130 mm"},"content":{"rendered":"<p>Produktid er <strong>3374<\/strong> og <strong>4026724719062<\/strong><\/p>\n<h2>Anmeldelse af H\u00f8jtaler rammer til Mercedes W210, Bagd\u00f8r, 130 mm<\/h2>\n<p>Se om vi har en <a href=\"https:\/\/bilshopping.dk\/592\">anmeldelse af H\u00f8jtaler rammer til Mercedes W210, Bagd\u00f8r, 130 mm<\/a>.<\/p>\n","protected":false},"excerpt":{"rendered":"<p>H\u00f8jttalerrammer til ford\u00f8re. 130 mm.<br \/>\nPasser til:\u00c2\u00a0<br \/>\n\tMercedes E-Klasse (W210), \u00c5rgang: 06.1995-03.2002<br \/>\n\tMercedes T-Models (S208), \u00c5rgang: 06.1996-11.202, bagd\u00f8r, H\u00f8jtaler rammer til Mercedes W210, Bagd\u00f8r, 130 mm.<\/p>\n","protected":false},"featured_media":7847,"comment_status":"closed","ping_status":"open","template":"","meta":{"_kad_post_transparent":"","_kad_post_title":"","_kad_post_layout":"","_kad_post_sidebar_id":"","_kad_post_content_style":"","_kad_post_vertical_padding":"","_kad_post_feature":"","_kad_post_feature_position":"","_kad_post_header":false,"_kad_post_footer":false},"product_cat":[3162,3182],"product_tag":[3164,2988,3183],"brand":[],"class_list":{"0":"post-7846","1":"product","2":"type-product","3":"status-publish","4":"has-post-thumbnail","6":"product_cat-bilstereo","7":"product_cat-monteringsdele","8":"product_tag-bilstereo","9":"product_tag-los","10":"product_tag-monteringsdele","12":"first","13":"instock","14":"product-type-external","15":"entry","16":"content-bg","17":"loop-entry"},"_links":{"self":[{"href":"https:\/\/bilshopping.dk\/index.php?rest_route=\/wp\/v2\/product\/7846","targetHints":{"allow":["GET"]}}],"collection":[{"href":"https:\/\/bilshopping.dk\/index.php?rest_route=\/wp\/v2\/product"}],"about":[{"href":"https:\/\/bilshopping.dk\/index.php?rest_route=\/wp\/v2\/types\/product"}],"replies":[{"embeddable":true,"href":"https:\/\/bilshopping.dk\/index.php?rest_route=%2Fwp%2Fv2%2Fcomments&post=7846"}],"wp:featuredmedia":[{"embeddable":true,"href":"https:\/\/bilshopping.dk\/index.php?rest_route=\/wp\/v2\/media\/7847"}],"wp:attachment":[{"href":"https:\/\/bilshopping.dk\/index.php?rest_route=%2Fwp%2Fv2%2Fmedia&parent=7846"}],"wp:term":[{"taxonomy":"product_cat","embeddable":true,"href":"https:\/\/bilshopping.dk\/index.php?rest_route=%2Fwp%2Fv2%2Fproduct_cat&post=7846"},{"taxonomy":"product_tag","embeddable":true,"href":"https:\/\/bilshopping.dk\/index.php?rest_route=%2Fwp%2Fv2%2Fproduct_tag&post=7846"},{"taxonomy":"brand","embeddable":true,"href":"https:\/\/bilshopping.dk\/index.php?rest_route=%2Fwp%2Fv2%2Fbrand&post=7846"}],"curies":[{"name":"wp","href":"https:\/\/api.w.org\/{rel}","templated":true}]}}