{"id":7963,"date":"2023-06-23T19:46:57","date_gmt":"2023-06-23T17:46:57","guid":{"rendered":"https:\/\/bilshopping.dk\/produkt\/housegaard-brandtaeppe-120x120-cm-550-grader\/"},"modified":"2023-06-23T19:47:06","modified_gmt":"2023-06-23T17:47:06","slug":"housegaard-brandtaeppe-120x120-cm-550-grader","status":"publish","type":"product","link":"https:\/\/bilshopping.dk\/?product=housegaard-brandtaeppe-120x120-cm-550-grader","title":{"rendered":"Housegaard Brandt\u00e6ppe 120&#215;120 cm &#8211; 550 grader"},"content":{"rendered":"<p>Produktid er <strong>3435<\/strong> og <strong>7320896020245<\/strong><\/p>\n<h2>Anmeldelse af Housegaard Brandt\u00e6ppe 120&#215;120 cm &#8211; 550 grader<\/h2>\n<p>Se om vi har en <a href=\"https:\/\/bilshopping.dk\/592\">anmeldelse af Housegaard Brandt\u00e6ppe 120&#215;120 cm &#8211; 550 grader<\/a>.<\/p>\n","protected":false},"excerpt":{"rendered":"<p>Brandt\u00e6ppet kv\u00e6ler brande i f.eks. t\u00f8j og k\u00f8kkenredskaber. Placer t\u00e6ppet, s\u00e5 det er let tilg\u00e6ngeligt de steder, der er st\u00f8rst risiko for en brand kan opst\u00e5, f.eks. n\u00e6r k\u00f8kkenet. Brandt\u00e6ppet kv\u00e6ler brande i t\u00f8j og k\u00f8kkenredskaber. Kan max klare 550 grader., Housegaard Brandt\u00e6ppe 120&#215;120 cm &#8211; 550 grader.<\/p>\n","protected":false},"featured_media":7964,"comment_status":"closed","ping_status":"open","template":"","meta":{"_kad_post_transparent":"","_kad_post_title":"","_kad_post_layout":"","_kad_post_sidebar_id":"","_kad_post_content_style":"","_kad_post_vertical_padding":"","_kad_post_feature":"","_kad_post_feature_position":"","_kad_post_header":false,"_kad_post_footer":false},"product_cat":[3211,3327],"product_tag":[3213,2988,3328],"brand":[],"class_list":{"0":"post-7963","1":"product","2":"type-product","3":"status-publish","4":"has-post-thumbnail","6":"product_cat-indvendig-tilbehoer","7":"product_cat-sikkerhed","8":"product_tag-indvendig-tilbehoer","9":"product_tag-los","10":"product_tag-sikkerhed","12":"first","13":"instock","14":"product-type-external","15":"entry","16":"content-bg","17":"loop-entry"},"_links":{"self":[{"href":"https:\/\/bilshopping.dk\/index.php?rest_route=\/wp\/v2\/product\/7963","targetHints":{"allow":["GET"]}}],"collection":[{"href":"https:\/\/bilshopping.dk\/index.php?rest_route=\/wp\/v2\/product"}],"about":[{"href":"https:\/\/bilshopping.dk\/index.php?rest_route=\/wp\/v2\/types\/product"}],"replies":[{"embeddable":true,"href":"https:\/\/bilshopping.dk\/index.php?rest_route=%2Fwp%2Fv2%2Fcomments&post=7963"}],"wp:featuredmedia":[{"embeddable":true,"href":"https:\/\/bilshopping.dk\/index.php?rest_route=\/wp\/v2\/media\/7964"}],"wp:attachment":[{"href":"https:\/\/bilshopping.dk\/index.php?rest_route=%2Fwp%2Fv2%2Fmedia&parent=7963"}],"wp:term":[{"taxonomy":"product_cat","embeddable":true,"href":"https:\/\/bilshopping.dk\/index.php?rest_route=%2Fwp%2Fv2%2Fproduct_cat&post=7963"},{"taxonomy":"product_tag","embeddable":true,"href":"https:\/\/bilshopping.dk\/index.php?rest_route=%2Fwp%2Fv2%2Fproduct_tag&post=7963"},{"taxonomy":"brand","embeddable":true,"href":"https:\/\/bilshopping.dk\/index.php?rest_route=%2Fwp%2Fv2%2Fbrand&post=7963"}],"curies":[{"name":"wp","href":"https:\/\/api.w.org\/{rel}","templated":true}]}}