{"id":8056,"date":"2023-06-23T19:47:35","date_gmt":"2023-06-23T17:47:35","guid":{"rendered":"https:\/\/bilshopping.dk\/produkt\/thule-arcos-l-bagageboks-400-ltr-inkl-arcos-platform\/"},"modified":"2023-06-23T19:48:12","modified_gmt":"2023-06-23T17:48:12","slug":"thule-arcos-l-bagageboks-400-ltr-inkl-arcos-platform","status":"publish","type":"product","link":"https:\/\/bilshopping.dk\/?product=thule-arcos-l-bagageboks-400-ltr-inkl-arcos-platform","title":{"rendered":"Thule Arcos L bagageboks 400 ltr. inkl. Arcos platform"},"content":{"rendered":"<p>Produktid er <strong>3482<\/strong> og <strong>197074001856<\/strong><\/p>\n<h2>Anmeldelse af Thule Arcos L bagageboks 400 ltr. inkl. Arcos platform<\/h2>\n<p>Se om vi har en <a href=\"https:\/\/bilshopping.dk\/592\">anmeldelse af Thule Arcos L bagageboks 400 ltr. inkl. Arcos platform<\/a>.<\/p>\n","protected":false},"excerpt":{"rendered":"<p>Thule Arcos L bagageboks til anh\u00e6ngertr\u00e6kket 400L ink. Arcos platform<br \/>\nThule Arcos L bagageboks giver bilen 400L ekstra opbevaringsplads, som er let tilg\u00e6ngelig. Designet p\u00e5 Thule Arcos er moderne og str\u00f8mlinet med en aerodynamisk sk\u00e6rmform der f\u00e5r den til, Thule Arcos L bagageboks 400 ltr. inkl. Arcos platform.<\/p>\n","protected":false},"featured_media":8057,"comment_status":"closed","ping_status":"open","template":"","meta":{"_kad_post_transparent":"","_kad_post_title":"","_kad_post_layout":"","_kad_post_sidebar_id":"","_kad_post_content_style":"","_kad_post_vertical_padding":"","_kad_post_feature":"","_kad_post_feature_position":"","_kad_post_header":false,"_kad_post_footer":false},"product_cat":[3237,3184],"product_tag":[2988,3238,3186],"brand":[],"class_list":{"0":"post-8056","1":"product","2":"type-product","3":"status-publish","4":"has-post-thumbnail","6":"product_cat-tagbokse","7":"product_cat-transportudstyr","8":"product_tag-los","9":"product_tag-tagbokse","10":"product_tag-transportudstyr","12":"first","13":"instock","14":"product-type-external","15":"entry","16":"content-bg","17":"loop-entry"},"_links":{"self":[{"href":"https:\/\/bilshopping.dk\/index.php?rest_route=\/wp\/v2\/product\/8056","targetHints":{"allow":["GET"]}}],"collection":[{"href":"https:\/\/bilshopping.dk\/index.php?rest_route=\/wp\/v2\/product"}],"about":[{"href":"https:\/\/bilshopping.dk\/index.php?rest_route=\/wp\/v2\/types\/product"}],"replies":[{"embeddable":true,"href":"https:\/\/bilshopping.dk\/index.php?rest_route=%2Fwp%2Fv2%2Fcomments&post=8056"}],"wp:featuredmedia":[{"embeddable":true,"href":"https:\/\/bilshopping.dk\/index.php?rest_route=\/wp\/v2\/media\/8057"}],"wp:attachment":[{"href":"https:\/\/bilshopping.dk\/index.php?rest_route=%2Fwp%2Fv2%2Fmedia&parent=8056"}],"wp:term":[{"taxonomy":"product_cat","embeddable":true,"href":"https:\/\/bilshopping.dk\/index.php?rest_route=%2Fwp%2Fv2%2Fproduct_cat&post=8056"},{"taxonomy":"product_tag","embeddable":true,"href":"https:\/\/bilshopping.dk\/index.php?rest_route=%2Fwp%2Fv2%2Fproduct_tag&post=8056"},{"taxonomy":"brand","embeddable":true,"href":"https:\/\/bilshopping.dk\/index.php?rest_route=%2Fwp%2Fv2%2Fbrand&post=8056"}],"curies":[{"name":"wp","href":"https:\/\/api.w.org\/{rel}","templated":true}]}}