{"id":8113,"date":"2023-06-23T19:48:50","date_gmt":"2023-06-23T17:48:50","guid":{"rendered":"https:\/\/bilshopping.dk\/produkt\/bagagestropper-saet-med-8-stk\/"},"modified":"2023-06-23T19:48:59","modified_gmt":"2023-06-23T17:48:59","slug":"bagagestropper-saet-med-8-stk","status":"publish","type":"product","link":"https:\/\/bilshopping.dk\/?product=bagagestropper-saet-med-8-stk","title":{"rendered":"bagagestropper &#8211; s\u00e6t med 8 stk."},"content":{"rendered":"<p>Produktid er <strong>3513<\/strong> og <strong>8711263002602<\/strong><\/p>\n<h2>Anmeldelse af bagagestropper &#8211; s\u00e6t med 8 stk.<\/h2>\n<p>Se om vi har en <a href=\"https:\/\/bilshopping.dk\/592\">anmeldelse af bagagestropper &#8211; s\u00e6t med 8 stk.<\/a>.<\/p>\n","protected":false},"excerpt":{"rendered":"<p>Jumbo bagagestrops\u00e6t i opbevaringsb\u00f8tte<br \/>\nS\u00e6t med bagagestropper i forskellig l\u00e6ngde til diverse form\u00e5l. Stropperne har forskellige farver, s\u00e5 man tydeligt kan se forskel p\u00e5 st\u00f8rrelserne.<br \/>\nB\u00f8tten indeholder f\u00f8lgende stropper:<br \/>\n\t2x 45 cm<br \/>\n\t2x 60 cm<br \/>\n\t2x 80 cm<br \/>\n\t2, bagagestropper &#8211; s\u00e6t med 8 stk..<\/p>\n","protected":false},"featured_media":8114,"comment_status":"closed","ping_status":"open","template":"","meta":{"_kad_post_transparent":"","_kad_post_title":"","_kad_post_layout":"","_kad_post_sidebar_id":"","_kad_post_content_style":"","_kad_post_vertical_padding":"","_kad_post_feature":"","_kad_post_feature_position":"","_kad_post_header":false,"_kad_post_footer":false},"product_cat":[3355,3184],"product_tag":[3356,2988,3186],"brand":[],"class_list":{"0":"post-8113","1":"product","2":"type-product","3":"status-publish","4":"has-post-thumbnail","6":"product_cat-diverse-transportudstyr","7":"product_cat-transportudstyr","8":"product_tag-diverse-transportudstyr","9":"product_tag-los","10":"product_tag-transportudstyr","12":"first","13":"instock","14":"product-type-external","15":"entry","16":"content-bg","17":"loop-entry"},"_links":{"self":[{"href":"https:\/\/bilshopping.dk\/index.php?rest_route=\/wp\/v2\/product\/8113","targetHints":{"allow":["GET"]}}],"collection":[{"href":"https:\/\/bilshopping.dk\/index.php?rest_route=\/wp\/v2\/product"}],"about":[{"href":"https:\/\/bilshopping.dk\/index.php?rest_route=\/wp\/v2\/types\/product"}],"replies":[{"embeddable":true,"href":"https:\/\/bilshopping.dk\/index.php?rest_route=%2Fwp%2Fv2%2Fcomments&post=8113"}],"wp:featuredmedia":[{"embeddable":true,"href":"https:\/\/bilshopping.dk\/index.php?rest_route=\/wp\/v2\/media\/8114"}],"wp:attachment":[{"href":"https:\/\/bilshopping.dk\/index.php?rest_route=%2Fwp%2Fv2%2Fmedia&parent=8113"}],"wp:term":[{"taxonomy":"product_cat","embeddable":true,"href":"https:\/\/bilshopping.dk\/index.php?rest_route=%2Fwp%2Fv2%2Fproduct_cat&post=8113"},{"taxonomy":"product_tag","embeddable":true,"href":"https:\/\/bilshopping.dk\/index.php?rest_route=%2Fwp%2Fv2%2Fproduct_tag&post=8113"},{"taxonomy":"brand","embeddable":true,"href":"https:\/\/bilshopping.dk\/index.php?rest_route=%2Fwp%2Fv2%2Fbrand&post=8113"}],"curies":[{"name":"wp","href":"https:\/\/api.w.org\/{rel}","templated":true}]}}