{"id":8117,"date":"2023-06-23T19:48:50","date_gmt":"2023-06-23T17:48:50","guid":{"rendered":"https:\/\/bilshopping.dk\/produkt\/hundegitter-universal-luksus\/"},"modified":"2023-06-23T19:49:00","modified_gmt":"2023-06-23T17:49:00","slug":"hundegitter-universal-luksus","status":"publish","type":"product","link":"https:\/\/bilshopping.dk\/?product=hundegitter-universal-luksus","title":{"rendered":"Hundegitter universal &#8211; Luksus"},"content":{"rendered":"<p>Produktid er <strong>3515<\/strong> og <strong>5026637621437<\/strong><\/p>\n<h2>Anmeldelse af Hundegitter universal &#8211; Luksus<\/h2>\n<p>Se om vi har en <a href=\"https:\/\/bilshopping.dk\/592\">anmeldelse af Hundegitter universal &#8211; Luksus<\/a>.<\/p>\n","protected":false},"excerpt":{"rendered":"<p>Justerbart hundegitter som fastg\u00f8res p\u00e5 bags\u00e6dets nakkest\u00f8tter. Gitteret er specielt designet til at beskytte chauff\u00f8rer, passagerer og k\u00e6ledyr.<br \/>\nPasser universalt i de fleste stationcars og 5-d\u00f8rs combi-coupe biler.<br \/>\nLet at montere og installere. Ingen v\u00e6r, Hundegitter universal &#8211; Luksus.<\/p>\n","protected":false},"featured_media":8118,"comment_status":"closed","ping_status":"open","template":"","meta":{"_kad_post_transparent":"","_kad_post_title":"","_kad_post_layout":"","_kad_post_sidebar_id":"","_kad_post_content_style":"","_kad_post_vertical_padding":"","_kad_post_feature":"","_kad_post_feature_position":"","_kad_post_header":false,"_kad_post_footer":false},"product_cat":[3348,3211],"product_tag":[3349,3213,2988],"brand":[],"class_list":{"0":"post-8117","1":"product","2":"type-product","3":"status-publish","4":"has-post-thumbnail","6":"product_cat-hund-i-bilen","7":"product_cat-indvendig-tilbehoer","8":"product_tag-hund-i-bilen","9":"product_tag-indvendig-tilbehoer","10":"product_tag-los","12":"first","13":"instock","14":"product-type-external","15":"entry","16":"content-bg","17":"loop-entry"},"_links":{"self":[{"href":"https:\/\/bilshopping.dk\/index.php?rest_route=\/wp\/v2\/product\/8117","targetHints":{"allow":["GET"]}}],"collection":[{"href":"https:\/\/bilshopping.dk\/index.php?rest_route=\/wp\/v2\/product"}],"about":[{"href":"https:\/\/bilshopping.dk\/index.php?rest_route=\/wp\/v2\/types\/product"}],"replies":[{"embeddable":true,"href":"https:\/\/bilshopping.dk\/index.php?rest_route=%2Fwp%2Fv2%2Fcomments&post=8117"}],"wp:featuredmedia":[{"embeddable":true,"href":"https:\/\/bilshopping.dk\/index.php?rest_route=\/wp\/v2\/media\/8118"}],"wp:attachment":[{"href":"https:\/\/bilshopping.dk\/index.php?rest_route=%2Fwp%2Fv2%2Fmedia&parent=8117"}],"wp:term":[{"taxonomy":"product_cat","embeddable":true,"href":"https:\/\/bilshopping.dk\/index.php?rest_route=%2Fwp%2Fv2%2Fproduct_cat&post=8117"},{"taxonomy":"product_tag","embeddable":true,"href":"https:\/\/bilshopping.dk\/index.php?rest_route=%2Fwp%2Fv2%2Fproduct_tag&post=8117"},{"taxonomy":"brand","embeddable":true,"href":"https:\/\/bilshopping.dk\/index.php?rest_route=%2Fwp%2Fv2%2Fbrand&post=8117"}],"curies":[{"name":"wp","href":"https:\/\/api.w.org\/{rel}","templated":true}]}}