{"id":8119,"date":"2023-06-23T19:48:50","date_gmt":"2023-06-23T17:48:50","guid":{"rendered":"https:\/\/bilshopping.dk\/produkt\/vaerkstedsovertraek-i-kraftig-nappa\/"},"modified":"2023-06-23T19:49:01","modified_gmt":"2023-06-23T17:49:01","slug":"vaerkstedsovertraek-i-kraftig-nappa","status":"publish","type":"product","link":"https:\/\/bilshopping.dk\/?product=vaerkstedsovertraek-i-kraftig-nappa","title":{"rendered":"V\u00e6rkstedsovertr\u00e6k i kraftig nappa"},"content":{"rendered":"<p>Produktid er <strong>3516<\/strong> og <strong>5904898506505<\/strong><\/p>\n<h2>Anmeldelse af V\u00e6rkstedsovertr\u00e6k i kraftig nappa<\/h2>\n<p>Se om vi har en <a href=\"https:\/\/bilshopping.dk\/592\">anmeldelse af V\u00e6rkstedsovertr\u00e6k i kraftig nappa<\/a>.<\/p>\n","protected":false},"excerpt":{"rendered":"<p>Praktisk overtr\u00e6k til at beskytte bilens s\u00e6de mod jord, olie og andet snavs.<br \/>\nSpecifikationer:<br \/>\n\tMateriale: Kunstl\u00e6der.<br \/>\n\tKan anvendes p\u00e5 fors\u00e6der forsynet med nakkest\u00f8tte.<br \/>\n\u00c2\u00a0, V\u00e6rkstedsovertr\u00e6k i kraftig nappa.<\/p>\n","protected":false},"featured_media":8120,"comment_status":"closed","ping_status":"open","template":"","meta":{"_kad_post_transparent":"","_kad_post_title":"","_kad_post_layout":"","_kad_post_sidebar_id":"","_kad_post_content_style":"","_kad_post_vertical_padding":"","_kad_post_feature":"","_kad_post_feature_position":"","_kad_post_header":false,"_kad_post_footer":false},"product_cat":[3211,3319],"product_tag":[3213,2988,3320],"brand":[],"class_list":{"0":"post-8119","1":"product","2":"type-product","3":"status-publish","4":"has-post-thumbnail","6":"product_cat-indvendig-tilbehoer","7":"product_cat-saedeovertraek","8":"product_tag-indvendig-tilbehoer","9":"product_tag-los","10":"product_tag-saedeovertraek","12":"first","13":"instock","14":"product-type-external","15":"entry","16":"content-bg","17":"loop-entry"},"_links":{"self":[{"href":"https:\/\/bilshopping.dk\/index.php?rest_route=\/wp\/v2\/product\/8119","targetHints":{"allow":["GET"]}}],"collection":[{"href":"https:\/\/bilshopping.dk\/index.php?rest_route=\/wp\/v2\/product"}],"about":[{"href":"https:\/\/bilshopping.dk\/index.php?rest_route=\/wp\/v2\/types\/product"}],"replies":[{"embeddable":true,"href":"https:\/\/bilshopping.dk\/index.php?rest_route=%2Fwp%2Fv2%2Fcomments&post=8119"}],"wp:featuredmedia":[{"embeddable":true,"href":"https:\/\/bilshopping.dk\/index.php?rest_route=\/wp\/v2\/media\/8120"}],"wp:attachment":[{"href":"https:\/\/bilshopping.dk\/index.php?rest_route=%2Fwp%2Fv2%2Fmedia&parent=8119"}],"wp:term":[{"taxonomy":"product_cat","embeddable":true,"href":"https:\/\/bilshopping.dk\/index.php?rest_route=%2Fwp%2Fv2%2Fproduct_cat&post=8119"},{"taxonomy":"product_tag","embeddable":true,"href":"https:\/\/bilshopping.dk\/index.php?rest_route=%2Fwp%2Fv2%2Fproduct_tag&post=8119"},{"taxonomy":"brand","embeddable":true,"href":"https:\/\/bilshopping.dk\/index.php?rest_route=%2Fwp%2Fv2%2Fbrand&post=8119"}],"curies":[{"name":"wp","href":"https:\/\/api.w.org\/{rel}","templated":true}]}}